0*w**2 - 13*w + 5. Let c(f) = -2*f**2 + 1. Let h(r) = 3*c(r) + u(r). What is h(13)?
8
Let s(f) be the first derivative of 0*f - 2*f**2 + 32 - f**3 + 1/4*f**4. What is s(4)?
0
Let l be 6/(-4) + (-225)/(-30). Let n(k) = -2*k + 21. Let f = -10 + 21. Let o(j) = -j + 11. Let q(s) = f*o(s) - 6*n(s). Determine q(l).
1
Let u = -11 - -6. Let t be (-6)/u*5/1. Let m(v) = v**2 - 6*v + 9. What is m(t)?
9
Let b(n) = -5*n + 3. Let i be (-4)/12 + (-2)/24*-76. Determine b(i).
-27
Let t be (2 - -14) + (10 - 20). Let h(q) = -q + 5. Give h(t).
-1
Suppose -4*r + 5 = -2*x - 7, 3*x + r = 10. Suppose 2*t = 3*t - 4*u - 28, -3*t + 39 = -3*u. Let q(n) = t - 8 - 1 + 4*n - 2*n - n**2. What is q(x)?
-1
Let r(w) = 19 + 5*w**2 + w**3 + 2*w**2 + 16*w + 8*w**2 + 0*w**2. Let f be r(-14). Let h(z) = z**2 + 8*z - 12. Give h(f).
-3
Let a(z) = -1. Let j(m) = m + 7. Let i(c) = -3*a(c) - j(c). Suppose -401*o + 66*o + 2345 = 0. Calculate i(o).
-11
Let u(v) = -2*v - 1. Suppose -4*c = -5*m - 0*c + 52, 5*c = 2*m - 14. Suppose 5*z + 3 = -m. Calculate u(z).
5
Let y(j) = -17 + 16*j - 71*j**3 + 13*j**2 + 70*j**3 - 15. Let f be y(14). Let a(k) = k**2 + 5*k + 4. Give a(f).
0
Let b(w) = -w**3 - 7*w**2 - 5*w + 8. Suppose -4 = 2*z + 8. Give b(z).
2
Let g(q) = -3*q**2 - q. Suppose 3*c - 196 - 8 = 0. Let i = 69 - c. Determine g(i).
-4
Let h(y) be the second derivative of -y**3/6 - y**2/2 + 24*y. Suppose -6 - 29 = -5*q. What is h(q)?
-8
Let t(z) = 6*z**2 + 35*z + 31. Let f(d) = -5*d**2 - 29*d - 30. Let c(p) = 7*f(p) + 6*t(p). Determine c(-9).
-6
Let v(m) = -11*m**2 + 8*m + 23. Let l(a) = 4*a**2 - 3*a - 8. Let z(u) = -8*l(u) - 3*v(u). Let c be z(3). Let t(b) = 2*b**2 - 5*b. Calculate t(c).
12
Let i(a) = -7*a + 1. Let o be i(-3). Let d = 16 - o. Let v(x) be the first derivative of -x**4/4 - 2*x**3 + 6*x + 1. Calculate v(d).
6
Let t(k) = 28*k + 9. Let l(m) = -82*m - 25. Let c(x) = -6*l(x) - 17*t(x). Calculate c(2).
29
Let t = -24 - -29. Suppose 3*m + 5*i - 37 = -0*i, -t*i - 35 = -5*m. Let o(w) = 3 - 7 + 3*w + m. Calculate o(-4).
-7
Suppose 3*i - 5*p - 37 = 0, -5*i + 25 = -0*i - p. Let a(u) = -7*u**2 - 3*u - u + u**3 + 5 + i*u**2. Calculate a(4).
5
Let s = 3 + -1. Let y(d) = d**2 - d + 3 - 2*d**s - 4*d + 0*d**2. Let b be (-2)/(-5) - (-81)/(-15). Give y(b).
3
Let o(u) = -u**3 - 3*u**2 - 1. Let d = -74 - -83. Let a be (6/9 - 1)*d. Calculate o(a).
-1
Let c(k) be the second derivative of -k**5/20 - 21*k**2/2 - 71*k. What is c(0)?
-21
Suppose -5*s + 5*t = 0, -3*t - t = 2*s - 18. Suppose -o - 12 = -s*o + 2*i, -6 = o - 4*i. Let z = -6 + o. Let b(g) = -g**3 + 4*g**2 - 3*g + 6. Give b(z).
-6
Let k(z) be the first derivative of 3 + 3/2*z**2 + 2/3*z**3 - 3*z. Calculate k(2).
11
Let x(w) = -w**3 - 3*w**2 + 2*w + 4. Let q be (1/(-4) - (-6)/(-8)) + 34. Let o = q - 37. What is x(o)?
12
Let p(a) be the second derivative of -11*a**5/20 - a**3/3 + a**2/2 + a. Suppose 3*z = -194 + 218, -42 = -2*c - 5*z. Determine p(c).
-12
Let m(v) = -v**2 + v - 2. Let r = 194 + -199. Determine m(r).
-32
Suppose -i = 3*i - 24. Let t(j) = -10*j + 1. Let f(l) = 19*l - 2. Let d(g) = i*f(g) + 13*t(g). Let z(u) = -u - 1. Let p be z(-2). Calculate d(p).
-15
Let v(n) = -n**3 - 21*n**2 + 6*n + 14. Let p(s) = -s**3 - 18*s**2 + 5*s + 13. Let r(x) = -4*p(x) + 3*v(x). What is r(-9)?
8
Let u be -3 - ((-2)/(-6))/((-2)/(-12)). Let i(g) be the first derivative of -g**3/6 + g**2/2 - 2*g + 2. Let b(w) be the first derivative of i(w). What is b(u)?
6
Suppose -3*s = 3*l - 12, -2*l + 3*s + 1 = 3. Let w(t) = 11*t**3 - 2 - 24*t**3 + 12*t**3 + l*t - 4*t**2. Give w(-4).
-10
Let g(i) = -2023*i + 1007*i + 1011*i - 1 + i**2. Calculate g(6).
5
Let k(w) = -w**2 - 2*w. Let f = 0 + -3. Let r be k(f). Let y(p) = 2*p - 3 - p + 5 - 3. What is y(r)?
-4
Let v be 4 + (-13 - (3 + 1)). Let r = v - -14. Let g(u) = 5*u**3 + 1. Determine g(r).
6
Let y(h) be the third derivative of -h**6/360 - 11*h**5/120 + h**4/6 + 9*h**3/2 + 22*h**2. Let w(g) be the first derivative of y(g). Calculate w(-11).
4
Let w(n) = -21*n + 1. Let z(a) = 5*a. Let v(d) = -2*w(d) - 9*z(d). Let m(u) = -35*u + 275. Let c be m(8). Determine v(c).
13
Let k(w) = -5*w - 18. Let q be k(-6). Let o = -10 + q. Let t(v) = -v**2 + 1. Let f(m) = m**2. Let x(l) = f(l) - t(l). Calculate x(o).
7
Let m(z) be the second derivative of -z**4/12 - 2*z**3/3 + 7*z**2/2 + 5*z - 55. Let o(d) = d**3 + 6*d**2 - 4. Let g be o(-6). Let r = -1 + g. Determine m(r).
2
Let b(x) = x**3 + 4*x**2 + x + 4. Let i be b(-4). Suppose -4*j + 25 = j. Let r(v) = 3*v + v + 2*v + 3 - j*v. Give r(i).
3
Let u(p) = 2*p - 8. Let q = 188 + -188. Calculate u(q).
-8
Let w(n) = -4*n + 3. Let o(r) = -r**3 - 8*r**2 + 22*r + 27. Let s be o(-10). Determine w(s).
-25
Let x = 310 + -314. Let f(t) = -t**3 - 4*t**2 - 5. Determine f(x).
-5
Let z(a) be the second derivative of -a**5/10 + a**4/6 + a**2 - 239*a + 2. Suppose 2*u + l - 5 - 3 = 0, -5*u = l - 14. What is z(u)?
-6
Let z be (0 - -1)*3*2. Let i be (-44)/33*9/(-6). Let h(w) = 2*w**3 - 6*w**i - 399 - w**3 + 399. What is h(z)?
0
Let r(y) = -10*y**3 - 5*y - 2*y**2 + 6*y + 12*y**3. Give r(1).
1
Let y = 26 + -16. Let v(j) = j**2 - 11*j + 13. Let b be v(y). Let n(l) = l**3 - 3*l**2 - 5*l + 3. Calculate n(b).
-12
Let t be (-1*(-2)/4*0)/1. Let s(w) = t*w - 3 - 2*w + 1 - 4*w - w**2. Calculate s(-4).
6
Let s(i) be the first derivative of i**4/2 + i**3 + i**2 + i - 80. What is s(-2)?
-7
Suppose 0 = -3*z - 24 - 6. Let o be (-2)/5*(z + 15). Let r be (o - -5)/(-1*1). Let t(p) = 2*p**2 + 4*p + 2. Give t(r).
8
Let z(c) = 11*c - 16. Let g be z(2). Let q(v) = -v + 1. Give q(g).
-5
Let h(g) = -g**2 + 10*g - 12. Let y(b) be the first derivative of -b**4/4 - 2*b**3 - 4*b**2 + 9*b + 23. Let d be y(-4). What is h(d)?
-3
Suppose -6*r + 12 = -3*i - 9*r, -4*i = -2*r + 40. Let k(v) = -v**3 - 7*v**2 + 8*v - 3. Calculate k(i).
-3
Let x(k) = -k**3 - 5*k**2 + 7*k + 2. Suppose -6*j + 4*j = 444. Let f be 4/10 - j/(-30). Let o = 1 + f. Calculate x(o).
-4
Suppose 5*t - 1 = 3*j, 5*t - 5 = -8*j + 13*j. Let m(a) = 9*a - 4. Let g(d) = 9*d - 3. Let w(s) = 6*g(s) - 5*m(s). Calculate w(j).
-16
Let u(z) = z + 5. Let f(n) = 1. Let a = 2 - -2. Let q(v) = a*f(v) + u(v). Give q(-8).
1
Let d(h) = -h**2 - 4*h - 2. Let i(c) = -c**3 + 12*c**2 - 38*c + 9. Let u be i(5). Calculate d(u).
-14
Let l be (-918)/(-10) - ((-3)/5)/3. Let p = l + -84. Let i(w) = -w**3 + 8*w**2 + 3*w - 6. Determine i(p).
18
Let v(r) = -2*r**3 - 2*r + 2*r**3 + 0 - 2*r**3 + 4*r**2 - 4. Let x be 5 + -3 - 6/((-24)/4). What is v(x)?
-28
Let y(j) = j. Let i = 34 + -30. Let r(o) = o**2 - 7*o - 7. Let m(s) = i*y(s) + r(s). Calculate m(5).
3
Let d(p) be the first derivative of -4 + 3 + 4 + 3*p**2 + p - 4. Suppose -v - 1 = 5*h + 6, 3*v + 10 = -4*h. Calculate d(h).
-5
Suppose -4*x = -h, x + 3*h = 2*x. Suppose -4*r = 4*l + 36, x = r + r + 8. Let v(j) = 11*j**2 - 31*j**2 + 9*j**2 + 12*j**2 - 4 + 2*j + j. Give v(l).
6
Let j be (17/(-34))/(4/56). Let z(g) = -g**3 - 6*g**2 + 5*g - 16. What is z(j)?
-2
Let p(s) = s - 1. Suppose -54 = -4*i + 2*k, 2*k = k - 5. Suppose -i*b + 8 = -3. What is p(b)?
0
Let a(o) = -5 + 5*o + 5*o - 9*o - 2*o. Let v = 24 + -34. Let d = v - -5. Give a(d).
0
Suppose -2*d + 3*g - 3 = 0, 0 = 7*d - 6*d - 4*g + 9. Let v(b) be the second derivative of 0 + 2*b**2 + 2*b + 1/6*b**d. Determine v(5).
9
Let d(i) be the first derivative of i**2 + 4*i + 73. Suppose -3*u = -0*u + 9. Give d(u).
-2
Let y(d) = d**3 - 7*d**2 - 12*d - 5. Let l be y(9). Suppose 0 = 2*j - l - 11. Suppose g - 5 = 0, -2*g = -x - 7*g + j. Let q(v) = -v**2 + 5*v - 3. Give q(x).
-3
Let b(w) be the third derivative of 7*w**6/120 - w**5/20 - w**4/24 + w**3/6 + 149*w**2. Calculate b(-1).
-8
Suppose -4*z + 18 = c + 3, -2*c + 5 = 3*z. Suppose 0*f = -z*f. Let w(l) = l + 5. What is w(f)?
5
Let a(i) = -3*i**2 + 2*i - 1. Let m(o) = -o**2 + 35*o - 98. Let r be m(32). Determine a(r).
-17
Let y = 31 + -26. Let c(k) = k**3 - 2*k**2 - 3*k + 8. Let x(o) = o**2 - 1. Let i(b) = y*x(b) + c(b). Calculate i(-3).
12
Let d(b) be the first derivative of b**3/3 - 4*b**2 - 12*b + 476. Give d(-2).
8
Let m(h) = h**2 - 3*h - 1. Let k be m(3). Let y(f) be the first derivative of -13*f**3/3 + f + 16. Calculate y(k).
-12
Suppose 0 = 2*j - 5*d + 1, 5*j + d - 8 = 3*d. Suppose 0 = 4*l - 3*l - j. Let z(p) = 1 - 2*p - 6*p + 6*p. What is z(l)?
-3
Let t(o) be th